 What is k(3)?
609
Let n(t) = -2011*t + 40380. What is n(20)?
160
Let z(k) = -5*k**3 + 198*k**2 + 103*k - 871. Give z(40).
49
Let m(r) = -9*r**3 + 165*r**2 + 37*r + 258. What is m(19)?
-1205
Let p(l) = 3248*l - 967975. Give p(298).
-71
Let r(x) = 4*x**2 + 851*x - 148937. What is r(114)?
61
Let b(v) = 2*v**3 - 574*v**2 - 8417*v - 3357. What is b(301)?
-46
Let z(r) = 2907*r + 135875. Calculate z(-47).
-754
Let z(g) = -4*g**2 - 31*g + 1211. Calculate z(18).
-643
Let y(h) = h**3 + 772*h**2 - 10171*h - 449. What is y(13)?
-7
Let q(f) = -31*f**2 - 10607*f - 84926. Give q(-8).
-2054
Let p(f) = 5*f**2 + 167*f + 803. Give p(-5).
93
Let w(b) = 12*b**3 + 144*b**2 + 242*b - 62. Calculate w(-10).
-82
Let v(o) = -o**3 - 27*o**2 + 123*o + 57. Determine v(-31).
88
Let z(c) = -5*c**2 - 1882*c - 20816. Calculate z(-365).
-11
Let l(z) = -47*z**2 - 1143*z - 141. Give l(-24).
219
Let o(z) = -1354*z + 218. What is o(1)?
-1136
Let q(y) = 526*y + 12789. Give q(-25).
-361
Let j(h) = 3438*h - 955829. Give j(278).
-65
Let v(l) = l**2 + 589*l - 10930. Calculate v(18).
-4
Let m(w) = 6*w**3 + 148*w**2 + 1564*w + 35234. Give m(-24).
2
Let i(c) = -62*c - 5719. Give i(-53).
-2433
Let c(i) = 10874*i + 4670. Give c(-1).
-6204
Let o(s) = -3692*s**2 + 399*s - 402. Give o(1).
-3695
Let z(q) = -q**3 + 27*q**2 - 31*q + 3629. What is z(30)?
-1
Let h(l) = 691*l + 56689. Calculate h(-82).
27
Let m(n) = -n**3 + 373*n**2 + 29990*n + 136. What is m(-68)?
0
Let c(t) = -215*t**2 + 32*t - 29. Give c(1).
-212
Let v(c) = 7985*c + 9613937. Give v(-1204).
-3
Let q(h) = 750*h + 1352. Calculate q(-2).
-148
Let o(p) = -2*p**3 - 969*p**2 - 709*p - 108865. What is o(-484)?
35
Let k(s) = -357*s + 5924. Calculate k(24).
-2644
Let n(a) = 40*a**2 + 1395*a - 192. Calculate n(-35).
-17
Let o(n) = -7865*n + 1195670. Determine o(152).
190
Let x(l) = -l**2 + 39*l + 659. Calculate x(36).
767
Let m(s) = 16339*s - 490123. Determine m(30).
47
Let u(f) = -f**2 + 23*f + 8428. What is u(109)?
-946
Let h(p) = 4*p**3 - 119*p**2 - 663*p + 151. Determine h(-5).
-9
Let z(h) = 87*h - 27359. What is z(319)?
394
Let v(i) = 1316*i + 191348. What is v(-145)?
528
Let x(b) = -b**3 + 171*b**2 - 342*b + 1269. Give x(169).
593
Let z(t) = -18788*t + 356967. Calculate z(19).
-5
Let y(x) = -6*x**3 - 2323*x**2 - 400*x - 4677. Give y(-387).
354
Let x(q) = -41*q + 3007. Determine x(73).
14
Let y(w) = -22057*w - 264692. Determine y(-12).
-8
Let s(n) = n**3 - 180*n**2 - 19155*n - 2221. Give s(-75).
29
Let p(i) = 2*i**2 - 856*i + 89429. What is p(246)?
-115
Let n(j) = -25*j**2 + 444*j + 3159. Give n(-7).
-1174
Let i(v) = -2680*v - 53302. Determine i(-20).
298
Let t(z) = 8749*z - 2117322. Give t(242).
-64
Let f(k) = -24764*k**2 - 619100*k + 23. Determine f(-25).
23
Let j(o) = 4203*o - 424525. Give j(101).
-22
Let u(g) = -3*g**3 - 15*g**2 + 95*g + 853. Give u(-10).
1403
Let p(w) = 3*w**3 - 534*w**2 - 1039*w + 79. What is p(-2)?
-3
Let u(s) = -33*s**2 - 16*s + 97. Give u(4).
-495
Let o(y) = 23*y**3 - 403*y**2 - 669*y + 439. What is o(19)?
2
Let c(n) = 14010*n - 41. Give c(0).
-41
Let j(w) = 37*w**2 + 2564*w + 759. Calculate j(-69).
0
Let g(z) = -2*z**3 - 53*z**2 - 253*z - 7543. Give g(-27).
17
Let t(n) = n**2 + 6718*n + 856420. What is t(-130)?
-20
Let p(d) = -d**3 - 56*d**2 - 596*d - 848. Determine p(-12).
-32
Let v(z) = -24*z**2 + 454*z - 2242. What is v(5)?
-572
Let v(f) = -2*f**3 - 13*f**2 - 243*f - 2279. Calculate v(-9).
313
Let s(t) = 403195*t + 2822364. What is s(-7)?
-1
Let t(a) = 70*a**2 - 21491*a + 337. Determine t(307).
30
Let y(d) = 121*d**2 - 25416*d + 678. Give y(210).
-582
Let y(z) = -37*z**2 + 102*z + 78. Determine y(4).
-106
Let h(l) = 414*l**2 + 1879*l + 884. Calculate h(-4).
-8
Let b(g) = -2409*g - 94007. Calculate b(-39).
-56
Let s(t) = t**2 + 3587*t - 7591020. Calculate s(1494).
-6
Let v(b) = -451*b - 17773. Determine v(-39).
-184
Let y(k) = 357*k**2 + 3225*k + 52. Give y(-9).
-56
Let o(g) = -2732*g - 2558. What is o(-1)?
174
Let s(r) = 294*r + 42935. Calculate s(-146).
11
Let x(r) = -r**2 + 146*r - 1093. What is x(138)?
11
Let s(w) = -6*w**2 + 4605*w - 9181. Determine s(2).
5
Let d(q) = 1107*q - 989. Determine d(1).
118
Let n(y) = y**2 - 627*y + 25106. Give n(43).
-6
Let k(w) = -10*w**3 - 647*w**2 + 196*w + 87. What is k(-65)?
22
Let b(t) = -t**3 - 16*t**2 + 99*t + 1270. Calculate b(-8).
-34
Let i(j) = -4*j**2 - 604*j + 854. Calculate i(-152).
246
Let c(n) = -n**2 - 826*n + 8362. Determine c(10).
2
Let c(d) = 2*d**3 - 849*d**2 + 4208*d - 17. Calculate c(5).
48
Let j(o) = 4266*o + 25. Calculate j(0).
25
Let n(b) = -b**3 + 65*b**2 - 26*b + 1230. Calculate n(65).
-460
Let b(r) = -5335*r + 2582149. Determine b(484).
9
Let p(v) = -52*v**2 + 1753*v + 13970. Give p(-8).
-3382
Let s(c) = 2*c**2 - 74*c - 11185. Determine s(-60).
455
Let w(g) = 19*g**3 + 160*g**2 + 99*g - 18. Determine w(-8).
-298
Let y(v) = 432*v - 14582. What is y(46)?
5290
Let d(l) = -2*l**3 + 12*l**2 + 470*l - 2813. What is d(6)?
7
Let m(h) = -1022*h + 115357. Determine m(113).
-129
Let d(b) = -3*b**2 + 515*b - 15975. Determine d(132).
-267
Let b(u) = -2*u**3 - 43*u**2 - 130*u + 10. Give b(-18).
82
Let l(x) = x**3 - 1114*x**2 - 15837*x + 50754. What is l(1128)?
-6
Let y(k) = -334*k**2 + 65458*k + 1189. Calculate y(196).
13
Let d(y) = 379*y + 21986. What is d(-58)?
4
Let q(u) = 66*u**2 - 543*u + 392. Determine q(8).
272
Let m(f) = -217*f + 3896. Determine m(19).
-227
Let w(r) = -109*r**2 - 15167*r - 1953. Determine w(-139).
271
Let w(n) = -6*n**3 - 4*n**2 + 58*n - 153. Calculate w(3).
-177
Let f(l) = 21759*l + 130635. What is f(-6)?
81
Let n(u) = -2*u**3 + 48*u**2 - 216*u + 95. Calculate n(18).
95
Let t(b) = 3*b**2 + 1744*b + 41659. Determine t(-25).
-66
Let b(z) = -1098*z + 65. What is b(-1)?
1163
Let d(a) = 89*a - 15889. Give d(179).
42
Let n(j) = -5189*j + 41454. Determine n(8).
-58
Let y(i) = -i**3 + 12*i**2 + 3197*i - 44389. What is y(14)?
-23
Let u(r) = r**2 + 525*r + 10720. Determine u(-21).
136
Let c(k) = -k**3 + 120*k**2 - 426*k + 8781. Give c(117).
6
Let w(b) = 25*b**3 - 30*b**2 + 64*b - 1. Give w(2).
207
Let k(a) = -11*a**3 + 211*a**2 - 51*a + 244. Calculate k(19).
-3
Let j(h) = 40*h**2 + 8002*h - 8004. What is j(1)?
38
Let z(i) = i**3 - 52*i**2 + 13*i + 1876. Calculate z(51).
-62
Let g(u) = -3*u**3 + 20*u**2 - 6295*u + 44096. Give g(7).
-18
Let m(d) = -d**3 + 25*d**2 - 783*d + 8922. Give m(14).
116
Let x(w) = -23*w**3 - 30721*w**2 - 21361*w - 1334. What is x(-1335)?
1
Let i(a) = -10*a**2 - 133*a - 19. Give i(-13).
20
Let f(d) = d**3 + 20*d**2 + 102*d + 823. What is f(-17)?
-44
Let n(s) = -29805*s - 774919. What is n(-26)?
11
Let q(m) = 322*m**2 - 3200*m - 13. Give q(10).
187
Let y(c) = -10*c**3 + 146*c**2 + 312*c - 1409. Give y(16).
-1
Let l(c) = -3168*c - 3174. Calculate l(-1).
-6
Let v(d) = 17246*d - 7605481. Calculate v(441).
5
Let c(v) = -67*v**2 - 696*v - 1290. Calculate c(-8).
-10
Let u(p) = -28*p**2 + 1443*p - 9857. What is u(8)?
-105
Let m(o) = -o**3 + 84*o**2 - 392*o + 25647. What is m(83)?
0
Let t(g) = -2*g**2 - 82*g - 262. What is t(-24)?
554
Let q(i) = 3204*i + 17917. Calculate q(-5).
1897
Let o(y) = -y**3 + 30*y**2 - 522*y + 11874. Calculate o(27).
-33
Let b(g) = 328*g - 1769. Calculate b(6).
199
Let g(l) = 29*l**2 + 3104*l + 79. What is g(-107)?
-28
Let g(a) = -66*a + 4982. Give g(69).
428
Let w(v) = v**3 - 10*v**2 - 756*v + 6818. Determine w(9).
-67
Let a(o) = -3*o**3 + 29*o**2 - 70*o + 75. Give a(10).
-725
Let b(d) = -76911*d - 6460569. What is b(-84)?
-45
Let w(u) = u**3 + 18*u**2 + 5*u - 849. Determine w(-12).
-45
Let o(a) = 23827*a + 71490. What is o(-3)?
9
Let s(m) = -2*m**3 - 4*m**2 - 412*m - 1195. Determine s(-3).
59
Let u(j) = 2*j**2 - 320*j + 5723. Determine u(138).
-349
Let v(j) = -4352*j + 256828. Calculate v(59).
60
Let d(q) = -q**2 - 8*q + 307. Give d(-5).
322
Let c(w) = 203*w**2 + 938*w - 3774. Determine c(4).
3226
Let i(w) = 5*w**2 + 505*w + 810. What is i(-100)?
310
Let q(j) = -13855*j + 96794. Calculate q(7).
-191
Let u(h) = -h**3 + 12*h**2 - 470*h + 5794. Give u(12).
154
Let f(r) = -27428*r + 356190. Determine f(13).
-374
Let r(m) = -90*m**3 - m**2 + 9*m. Give r(-1).
80
Let g(w) = 100*w - 947. Calculate g(0).
-947
Let w(u) = u**3 - 1021*u**2 + 16515*u + 555219. What is w(1004)?
7
Let z(j) = -j**3 - 43*j**2 - 98*